{"id":58,"date":"2020-06-21T11:18:47","date_gmt":"2020-06-21T09:18:47","guid":{"rendered":"http:\/\/atelier-bentz.fr\/?page_id=58"},"modified":"2023-03-13T11:20:12","modified_gmt":"2023-03-13T10:20:12","slug":"la-mairie","status":"publish","type":"page","link":"https:\/\/atelier-bentz.fr\/?page_id=58","title":{"rendered":"Informations"},"content":{"rendered":"\n<figure class=\"wp-block-image size-large is-resized\"><img loading=\"lazy\" src=\"http:\/\/atelier-bentz.fr\/wp-content\/uploads\/2021\/03\/cropped-IMG_20210303_144448_polarr-scaled-1.jpg\" alt=\"\" class=\"wp-image-367\" width=\"605\" height=\"353\" srcset=\"https:\/\/atelier-bentz.fr\/wp-content\/uploads\/2021\/03\/cropped-IMG_20210303_144448_polarr-scaled-1.jpg 1000w, https:\/\/atelier-bentz.fr\/wp-content\/uploads\/2021\/03\/cropped-IMG_20210303_144448_polarr-scaled-1-300x175.jpg 300w, https:\/\/atelier-bentz.fr\/wp-content\/uploads\/2021\/03\/cropped-IMG_20210303_144448_polarr-scaled-1-768x449.jpg 768w, https:\/\/atelier-bentz.fr\/wp-content\/uploads\/2021\/03\/cropped-IMG_20210303_144448_polarr-scaled-1-500x292.jpg 500w\" sizes=\"(max-width: 605px) 100vw, 605px\" \/><\/figure>\n\n\n\n<h2>Les coordonn\u00e9es<\/h2>\n\n\n\n<p>Mairie de Hesdin l&rsquo; Abb\u00e9 &#8211; 303 rue du Mont de Thunes &#8211; 62360 Hesdin l&rsquo;Abb\u00e9<br>email : secretariat@hesdinlabbe.fr <br>T\u00e9l : 03 21 83 57 82<\/p>\n\n\n\n<h2>Les horaires<\/h2>\n\n\n\n<figure class=\"wp-block-table\"><table><thead><tr><th>Jour<\/th><th>Matin<\/th><th>Apr\u00e8s midi<\/th><\/tr><\/thead><tbody><tr><td>Lundi<\/td><td>8 h 30 \u00e0 12 h 00<\/td><td>13 h 30 \u00e0 17 h 30<\/td><\/tr><tr><td>Mardi<\/td><td>8 h 30 \u00e0 12 h 00<\/td><td>13 h 30 \u00e0 17 h 30<\/td><\/tr><tr><td>Mercredi<\/td><td>8 h 30 \u00e0 12 h 00<\/td><td>13 h 30 \u00e0 16 h 30<\/td><\/tr><tr><td>Jeudi<\/td><td>8 h 30 \u00e0 12 h 00<\/td><td>Ferm\u00e9 au public<\/td><\/tr><tr><td>Vendredi<\/td><td>8 h 30 \u00e0 12 h 00<\/td><td>13 h 30 \u00e0 17 h 30<\/td><\/tr><tr><td>Samedi<\/td><td>8 h 30 \u00e0 12 h 00 (*)<\/td><td><\/td><\/tr><\/tbody><\/table><\/figure>\n\n\n\n<p><br>(*) Mairie ferm\u00e9e en p\u00e9riode de vacances scolaires.<\/p>\n","protected":false},"excerpt":{"rendered":"<p>Les coordonn\u00e9es Mairie de Hesdin l&rsquo; Abb\u00e9 &#8211; 303 rue du Mont de Thunes &#8211; 62360 Hesdin l&rsquo;Abb\u00e9email : secretariat@hesdinlabbe.fr T\u00e9l : 03 21 83 57 82 Les horaires Jour Matin Apr\u00e8s midi Lundi 8 h 30 \u00e0 12 h &hellip; <a href=\"https:\/\/atelier-bentz.fr\/?page_id=58\">Continuer la lecture <span class=\"meta-nav\">&rarr;<\/span><\/a><\/p>\n","protected":false},"author":1,"featured_media":0,"parent":0,"menu_order":0,"comment_status":"closed","ping_status":"closed","template":"","meta":[],"_links":{"self":[{"href":"https:\/\/atelier-bentz.fr\/index.php?rest_route=\/wp\/v2\/pages\/58"}],"collection":[{"href":"https:\/\/atelier-bentz.fr\/index.php?rest_route=\/wp\/v2\/pages"}],"about":[{"href":"https:\/\/atelier-bentz.fr\/index.php?rest_route=\/wp\/v2\/types\/page"}],"author":[{"embeddable":true,"href":"https:\/\/atelier-bentz.fr\/index.php?rest_route=\/wp\/v2\/users\/1"}],"replies":[{"embeddable":true,"href":"https:\/\/atelier-bentz.fr\/index.php?rest_route=%2Fwp%2Fv2%2Fcomments&post=58"}],"version-history":[{"count":10,"href":"https:\/\/atelier-bentz.fr\/index.php?rest_route=\/wp\/v2\/pages\/58\/revisions"}],"predecessor-version":[{"id":776,"href":"https:\/\/atelier-bentz.fr\/index.php?rest_route=\/wp\/v2\/pages\/58\/revisions\/776"}],"wp:attachment":[{"href":"https:\/\/atelier-bentz.fr\/index.php?rest_route=%2Fwp%2Fv2%2Fmedia&parent=58"}],"curies":[{"name":"wp","href":"https:\/\/api.w.org\/{rel}","templated":true}]}}