{"id":194,"date":"2021-02-04T15:23:50","date_gmt":"2021-02-04T14:23:50","guid":{"rendered":"http:\/\/atelier-bentz.fr\/?page_id=194"},"modified":"2025-01-17T10:40:18","modified_gmt":"2025-01-17T09:40:18","slug":"commerces-et-entreprises","status":"publish","type":"page","link":"https:\/\/atelier-bentz.fr\/?page_id=194","title":{"rendered":"Commerces et Entreprises"},"content":{"rendered":"\n<h2 class=\"has-text-align-center\">H\u00d4TELLERIE &#8211; RESTAURATION &#8211; CAF\u00c9<\/h2>\n\n\n\n<figure class=\"wp-block-table\"><table><tbody><tr><td>Chez St\u00e9phane<\/td><td>Caf\u00e9 Tabac<\/td><td>1123 Route Nationale<\/td><\/tr><tr><td>H\u00f4tel Cl\u00e9ry<\/td><td>H\u00f4tel Restaurant<\/td><td>Rue du Ch\u00e2teau<\/td><\/tr><tr><td>Boulangerie Du Manoir<\/td><td>Brasserie<\/td><td>1165 Route nationale<\/td><\/tr><\/tbody><\/table><\/figure>\n\n\n\n<h2 class=\"has-text-align-center\">ALIMENTATION<\/h2>\n\n\n\n<figure class=\"wp-block-table\"><table><tbody><tr><td>COCCI MARKET<\/td><td>\u00c9picerie &#8211; D\u00e9p\u00f4t de pain<\/td><td>Place de la Mairie<\/td><\/tr><tr><td>Boulangerie Du Manoir<\/td><td>Boulangerie &#8211; p\u00e2tisserie <\/td><td>1165 Route nationale<\/td><\/tr><\/tbody><\/table><\/figure>\n\n\n\n<h2 class=\"has-text-align-center\">AM\u00c9NAGEMENT ET ENTRETIEN DES ESPACES VERTS<\/h2>\n\n\n\n<figure class=\"wp-block-table\"><table><tbody><tr><td>PECQUART Fr\u00e9d\u00e9ric<\/td><td>Entretien Jardins et Espaces verts<\/td><td>507 rue Magnier<\/td><\/tr><tr><td>H\u00c9NOT Didier<\/td><td>Entretien Jardins et Espaces verts<\/td><td>10 All\u00e9e des Avocettes<\/td><\/tr><tr><td>VERBEKE S\u00e9bastien<\/td><td>Entretien Jardins et Espaces verts<\/td><td>35 Route Nationale<\/td><\/tr><\/tbody><\/table><\/figure>\n\n\n\n<h2 class=\"has-text-align-center\">B\u00c2TIMENT &#8211; TRAVAUX PUBLICS<\/h2>\n\n\n\n<figure class=\"wp-block-table\"><table><tbody><tr><td>Artibois<\/td><td>Menuiserie et Pompes Fun\u00e8bres<\/td><td>108 place de la Mairie<\/td><\/tr><tr><td>BEAUGRAND Jean-Pierre<\/td><td>Ent. G\u00e9n\u00e9rale du b\u00e2timent<\/td><td>20 all\u00e9e des M\u00e9sanges<\/td><\/tr><tr><td>Les Chaumiers de la<br>C\u00f4te d&rsquo;Opale<\/td><td>Sp\u00e9cialiste de la toiture en chaume<\/td><td>1059 route Nationale<\/td><\/tr><tr><td>ETL <\/td><td>Travaux d&rsquo;installations \u00e9lectriques<\/td><td>51 rue du vert Giniau<\/td><\/tr><tr><td>LEGRAND Marceau<\/td><td>Entreprise du B\u00e2timent <\/td><td>23 all\u00e9e des marmottes<\/td><\/tr><tr><td>LOUASSE Gilles<\/td><td>Ma\u00e7onnerie G\u00e9n\u00e9rale<\/td><td>1011 rue de Tinghen<\/td><\/tr><tr><td>Sam\u00e9rienne de Travaux<\/td><td>Terrassements et d\u00e9molitions<\/td><td>10 route Nationale<\/td><\/tr><tr><td>I.F.O.C.F.<\/td><td>Travaux d&rsquo;installations \u00e9lectriques<\/td><td>1235 Ham de Landacres<\/td><\/tr><tr><td>DECO CHRIS<\/td><td>Travaux de peinture et vitrerie<\/td><td>634 rue Magnier<\/td><\/tr><\/tbody><\/table><\/figure>\n\n\n\n<h2 class=\"has-text-align-center\">AGRICULTURE &#8211; \u00c9LEVAGE &#8211; TRAVAUX AGRICOLES<\/h2>\n\n\n\n<figure class=\"wp-block-table\"><table><tbody><tr><td>BACQUET Pierre<\/td><td>Polyculture \u00c9levage de bovins<\/td><td>1347 rue de Tinghen<\/td><\/tr><tr><td>BUTEL Gabriel<\/td><td>Culture de L\u00e9gumes, Mara\u00eechage<\/td><td>1 route Nationale<\/td><\/tr><tr><td>LAISNE Richard<\/td><td>\u00c9levage<\/td><td>388 rue de Tinghen<\/td><\/tr><tr><td>MAILLARD Jean-Louis<\/td><td>Exploitation Agricole<\/td><td>Ham de Brucquedal<\/td><\/tr><tr><td>PAQUE Pierrette<\/td><td>\u00c9levage de bovins<\/td><td>192 rue de Tinghen<\/td><\/tr><tr><td>REGNAULT David<\/td><td>Locations de terrains<\/td><td>2630 route Nationale<\/td><\/tr><tr><td>REGNAULT Ludovic<\/td><td>Travaux Agricoles<\/td><td>72 rue du Village<\/td><\/tr><\/tbody><\/table><\/figure>\n\n\n\n<h2 class=\"has-text-align-center\">COIFFURE \/ ESTH\u00c9TIQUE<\/h2>\n\n\n\n<figure class=\"wp-block-table\"><table><tbody><tr><td>Attitude Beaut\u00e9<\/td><td>Soin esth\u00e9tiques \u00e0 domicile<\/td><td>07 77 20 20 84<\/td><\/tr><tr><td>Juste une parenth\u00e8se<\/td><td>Soin esth\u00e9tiques \u00e0 domicile<\/td><td>06 28 37 83 85<\/td><\/tr><tr><td>Eveil &amp; Vous<\/td><td>Socio-esth\u00e9ticienne, Conseill\u00e8re en Image et praticienne Bien-\u00catre<\/td><td>06 63 06 28 04<\/td><\/tr><tr><td>Marie Charlotte<\/td><td>Salon de coiffure<\/td><td>1141 route Nationale<\/td><\/tr><\/tbody><\/table><\/figure>\n\n\n\n<h2 class=\"has-text-align-center\">AUTOMOBILE<\/h2>\n\n\n\n<figure class=\"wp-block-table\"><table><tbody><tr><td>V\u00e9rif Auto<\/td><td>Contr\u00f4le Technique Automobile<\/td><td>3 rue du Village<br>03 21 83 43 64<\/td><\/tr><\/tbody><\/table><\/figure>\n\n\n\n<h2 class=\"has-text-align-center\">TRANSPORT<\/h2>\n\n\n\n<figure class=\"wp-block-table\"><table><tbody><tr><td>Forestier transports<\/td><td>Transports Routiers<\/td><td>10 route Nationale<\/td><\/tr><tr><td>SBTS<\/td><td>Transports Routiers<\/td><td>920 rue de Landacres<\/td><\/tr><tr><td>Trans Opale Vrac<\/td><td>Transports routiers de fret de proximit\u00e9<\/td><td>57 impasse Fontaine de Bouza<\/td><\/tr><\/tbody><\/table><\/figure>\n\n\n\n<h2 class=\"has-text-align-center\">INDUSTRIES DIVERSES<\/h2>\n\n\n\n<figure class=\"wp-block-table\"><table><tbody><tr><td>DELPLACE Francis<\/td><td>Dessinateur<\/td><td>16 Av. des Rossignols<\/td><\/tr><tr><td>DUCROCQ Marie-Jos\u00e9e<\/td><td>Vente ambulante de v\u00eatements<\/td><td>1217 route Nationale<\/td><\/tr><tr><td>Kudekla<\/td><td>Design D\u00e9coration<\/td><td>256 rue des Mithodes<\/td><\/tr><tr><td>Terre Essentielle <\/td><td>Sp\u00e9cialiste en huiles essentielles<\/td><td>1281 Rue Magnier<br>09 62 08 56 81<\/td><\/tr><tr><td>LELIEVRE C\u00e9cile <\/td><td>Vente \u00e0 domicile<\/td><td>62 Place de la Mairie<\/td><\/tr><tr><td>BAILLEUX Nathalie<\/td><td>R\u00e9paration d&rsquo;autres biens<br>personnels et domestiques<\/td><td>1261 Rue de Landacres<\/td><\/tr><tr><td>SCI LA CHAUMIERE<\/td><td>Location de logements<\/td><td>36 All\u00e9e des Marmottes<\/td><\/tr><\/tbody><\/table><\/figure>\n\n\n\n<h2 class=\"has-text-align-center\">ZONE INDUSTRIELLE DE LANDACRES<\/h2>\n\n\n\n<figure class=\"wp-block-table\"><table><tbody><tr><td>Alkos Cosm\u00e9tiques<\/td><td>Fabrique de cosm\u00e9tiques<\/td><td>Parc d&rsquo;activit\u00e9 de Landacres<\/td><\/tr><tr><td>DELPIERRE <br>Mer et Tradition<\/td><td>Conserverie<\/td><td>Parc d&rsquo;activit\u00e9 de Landacres<\/td><\/tr><tr><td>H.F.L.<\/td><td>Gestion de porte-feuilles<\/td><td>Parc d&rsquo;activit\u00e9 de Landacres<\/td><\/tr><tr><td>LA CHARLOTTE<\/td><td>Fabrication de glaces et sorbets<\/td><td>2 Parc d&rsquo;Activit\u00e9 de Landacres<\/td><\/tr><tr><td>GREENSPEED<\/td><td>Commerce de gros<\/td><td>Boulevard de Strasbourg<\/td><\/tr><tr><td>LAMOUR Usinage<\/td><td>M\u00e9canique industrielle<\/td><td>9002 All\u00e9e de Strasbourg<\/td><\/tr><tr><td>MAXIMO<\/td><td>\u00c9picerie &amp; Surgel\u00e9s<\/td><td>Boulevard de Strasbourg<\/td><\/tr><tr><td>SA OMEGA \u00c9quipements<\/td><td>Industrie \u00e9lectrique et \u00e9lectronique<\/td><td>12 Boulevard de Strasbourg<\/td><\/tr><\/tbody><\/table><\/figure>\n\n\n\n<p><\/p>\n","protected":false},"excerpt":{"rendered":"<p>H\u00d4TELLERIE &#8211; RESTAURATION &#8211; CAF\u00c9 Chez St\u00e9phane Caf\u00e9 Tabac 1123 Route Nationale H\u00f4tel Cl\u00e9ry H\u00f4tel Restaurant Rue du Ch\u00e2teau Boulangerie Du Manoir Brasserie 1165 Route nationale ALIMENTATION COCCI MARKET \u00c9picerie &#8211; D\u00e9p\u00f4t de pain Place de la Mairie Boulangerie Du &hellip; <a href=\"https:\/\/atelier-bentz.fr\/?page_id=194\">Continuer la lecture <span class=\"meta-nav\">&rarr;<\/span><\/a><\/p>\n","protected":false},"author":1,"featured_media":0,"parent":0,"menu_order":0,"comment_status":"closed","ping_status":"closed","template":"","meta":[],"_links":{"self":[{"href":"https:\/\/atelier-bentz.fr\/index.php?rest_route=\/wp\/v2\/pages\/194"}],"collection":[{"href":"https:\/\/atelier-bentz.fr\/index.php?rest_route=\/wp\/v2\/pages"}],"about":[{"href":"https:\/\/atelier-bentz.fr\/index.php?rest_route=\/wp\/v2\/types\/page"}],"author":[{"embeddable":true,"href":"https:\/\/atelier-bentz.fr\/index.php?rest_route=\/wp\/v2\/users\/1"}],"replies":[{"embeddable":true,"href":"https:\/\/atelier-bentz.fr\/index.php?rest_route=%2Fwp%2Fv2%2Fcomments&post=194"}],"version-history":[{"count":21,"href":"https:\/\/atelier-bentz.fr\/index.php?rest_route=\/wp\/v2\/pages\/194\/revisions"}],"predecessor-version":[{"id":1371,"href":"https:\/\/atelier-bentz.fr\/index.php?rest_route=\/wp\/v2\/pages\/194\/revisions\/1371"}],"wp:attachment":[{"href":"https:\/\/atelier-bentz.fr\/index.php?rest_route=%2Fwp%2Fv2%2Fmedia&parent=194"}],"curies":[{"name":"wp","href":"https:\/\/api.w.org\/{rel}","templated":true}]}}